What is the remainder when 151 is divided by q?
31
Suppose 0 = -8*y + 80 + 80. Suppose y*r = 27*r - 1225. Calculate the remainder when r is divided by 41.
11
Let q = -3615 - -3638. Let z = 3 + 3. Calculate the remainder when q is divided by z.
5
Let o = -1907 - -1954. Calculate the remainder when 551 is divided by o.
34
Suppose p + 3*j + 7098 = 7*p, 0 = -p - 5*j + 1183. What is the remainder when p is divided by 79?
77
Let v(d) = -5*d**3 - 11*d**2 - 29*d + 13. Let c be v(-15). Calculate the remainder when -1 + 7 - c/(-64) is divided by 10.
8
Let q = 51 - 49. What is the remainder when (0 - q)/(4/(-310)) is divided by 52?
51
Suppose 4*p + i - 393 = -138, i - 3 = 0. Suppose 2*n - 2*k = 218, 5*n + 0*k - 2*k - 557 = 0. Let o = n - p. Calculate the remainder when o is divided by 13.
11
Calculate the remainder when -3*14291/(-62)*5/(60/8) is divided by 136.
53
Calculate the remainder when (7 - 354)*2850/(-38) is divided by 11.
10
Let j = -83 - -84. Suppose 0 = k - 4*u - 24, -k - 4*u = u + 21. What is the remainder when k is divided by j?
0
Let r = 10392 + -10341. Calculate the remainder when 455 is divided by r.
47
Suppose 300*f - 1722 = 279*f. Let k = -97 + 139. Calculate the remainder when f is divided by k.
40
Let z(r) = 4*r - 15. Let h = -59 - -65. Suppose 39 = -h*x + 351. What is the remainder when x is divided by z(6)?
7
Let l be (0 - -3) + (0 - -2). Suppose l*k = 25*n - 21*n + 252, -135 = -3*k - 3*n. Calculate the remainder when k is divided by 27.
21
Suppose -62991 + 30850 - 67957 = -166*a. What is the remainder when a is divided by 62?
45
Suppose 0*n - 5 = -n + 4*d, 0 = -n + d + 5. Suppose -n*o + 70 = 5. Suppose 6*q + 1 = o. What is the remainder when 5 is divided by q?
1
Suppose 0 = 10*t + 26*t + 3033 - 30609. Let p(i) = -7*i**3 + 2*i**2 - i - 2. Calculate the remainder when t is divided by p(-2).
62
Let h(w) = 13*w + 2. Suppose f = -3*u + 65 - 25, 3*u - 44 = -5*f. What is the remainder when h(u) is divided by 29?
26
Let t(k) = k**2 + 3*k - 28. Let f(q) = 3*q**2 - 15*q - 20. What is the remainder when f(9) is divided by t(-9)?
10
Calculate the remainder when 203*1 + (81/(-405))/(1/(-15)) is divided by 114.
92
Let k(u) = 4*u**2 - 15*u + 102. Let i be k(-17). Suppose -247 - i = -55*x. What is the remainder when 669 is divided by x?
29
Suppose 58*l - 60*l = 0, -4*l - 3990 = -5*q. Calculate the remainder when q is divided by 770.
28
Let o(k) = -2890*k - 1298. What is the remainder when o(-1) is divided by 25?
17
Let o = -523 - -525. Suppose -24 = -a + o*n, 10*a + 2*n + 60 = 13*a. What is the remainder when (-18)/((-1)/((-28)/(-6))) is divided by a?
12
Let t(w) = 5*w**2 + 36*w + 501. Calculate the remainder when t(-11) is divided by 355.
0
Suppose 4 + 4 = -z - 4*s, -2*z = -s - 11. Suppose 2*l - 14 = -z. Let c(x) = -x + 11. Calculate the remainder when 15 is divided by c(l).
3
Let k = -297 - -623. Let j = 365 - k. Suppose 2*l - 5*m - 50 = 0, -4*l + 88 = -3*m - m. Calculate the remainder when j is divided by l.
19
Let p(l) = 5*l**2 + 125*l + 1. Let i be p(-25). What is the remainder when 293 is divided by (i/(-3))/(7/63) + 52?
48
Let h be ((0/(-4)*1)/1)/(-1). Suppose h = -11*j + 9 + 24. Calculate the remainder when 80 is divided by 1 + 18 + -1 + j.
17
Suppose n + 2*n = n. Let i(d) = d**3 - 8*d**2 + 2*d + 7. What is the remainder when n + ((-4)/6)/((-10)/1005) is divided by i(8)?
21
Let n(q) = 3*q**2 - 7*q - 7. Let k = -310 + 312. Suppose -x + 43 = k*a, 4*a - 63 - 43 = 2*x. Calculate the remainder when n(7) is divided by a.
19
Suppose -y - 4*f = -69, 0 = 2*f + 1251 - 1249. Calculate the remainder when y is divided by 21.
10
Let x(w) = -w**3 + 7*w**2 + w - 7. Calculate the remainder when ((-1)/(-4) + (-690)/1200*6)*-40 is divided by x(5).
32
Let y = 778 + -502. Suppose -3*u + y - 83 = -5*w, -2*u = 5*w - 87. Suppose 4*z - 112 - u = 0. Calculate the remainder when 166 is divided by z.
40
Suppose 5*d - 621 = -2*u, u - 3 = -0*u. Calculate the remainder when 243 is divided by d.
120
Suppose 2*r - 3*v = 367, 5*v + 551 = -2*r + 5*r. Suppose -62 = -28*f + 27*f. Calculate the remainder when r is divided by f.
58
Let l(m) = 3*m**2 - 2 - 2*m**3 - 4*m**3 - 2*m**3 + 5*m + 7*m**3. Calculate the remainder when 33 is divided by l(3).
7
Let a(f) = 493*f**3 - f**2 + 2*f - 1. Suppose 16423 = 6*v + 16153. Calculate the remainder when a(1) is divided by v.
43
Let c(z) = z**3 + 120*z**2 + 2*z + 302. Calculate the remainder when 275 is divided by c(-120).
27
Let n(d) = d + 5. Let p be n(-4). Let q(r) = 17*r**3 + r - 1. Let h = 9932 - 9927. Calculate the remainder when q(p) is divided by h.
2
Suppose 2*i = -6 + 32. Suppose -i = -r + 5*g, 2*r + r = -3*g + 39. Calculate the remainder when 24/(-15)*-10*3/2 is divided by r.
11
Suppose 31*r + 0*r + 102 - 1156 = 0. Let i(b) = -b + 22. Calculate the remainder when r is divided by i(0).
12
Let n(a) = -5*a - 9. Let z be n(7). Let b = 2 - z. What is the remainder when b is divided by (870/(-232))/((-2)/8)?
1
Suppose -j - 4 = -3*n - 16, 3*n + 108 = 5*j. Calculate the remainder when ((-51)/2)/((-4)/j) is divided by 12.
9
Suppose f + d - 98 - 9 = 0, 5*d - 214 = -2*f. Calculate the remainder when f is divided by 24.
11
Let v = 26217 + -22609. Calculate the remainder when v is divided by 257.
10
Let m = -29642 - -29990. What is the remainder when 2450 is divided by m?
14
Let b(p) = 9*p**3 - 3*p**2 + p - 3. Suppose l = 0, -15*l + 10*l - 700 = -4*w. Calculate the remainder when w is divided by b(2).
57
Let w = -49 - -52. Suppose 46 + 165 = w*n + 5*h, h + 389 = 5*n. Suppose 3*g - 58 - 23 = 4*x, 5*x = -4*g + n. What is the remainder when g is divided by 6?
5
Suppose 981 - 1627 = -13*l + 2903. What is the remainder when l is divided by 33?
9
Let t be 0 - ((-6336)/21 + 24/(-84)). Suppose 4*q - 4*r - t = -34, 2*q - 5*r = 140. Calculate the remainder when q is divided by 14.
9
Suppose 186*o = 18*o + 177408. Calculate the remainder when o is divided by 206.
26
Suppose c + 1 + 51 = 0. Let u = c + 105. Suppose 606 - 732 = -7*z. What is the remainder when u is divided by z?
17
Suppose 0 = 5*d - 0*d - 695. Let s = -7710 + 7757. What is the remainder when d is divided by s?
45
Let w = -1 - -4. Suppose 0 = q - w*q - 2, 0 = 4*h - 2*q - 158. Suppose -34*z - 25 = -h*z. Calculate the remainder when 38 is divided by z.
3
Calculate the remainder when 56 is divided by (-6)/(-8) + -13*(-861)/1092.
1
Let n = 322 - 218. What is the remainder when 117 is divided by (-2)/(-13) - (-16)/n*181?
5
Let a be 1/4 + (-172)/(-16). Let i = 43 - a. Let p = -11 + i. Calculate the remainder when p is divided by 6.
3
Suppose -2*j + j = 5, -6 = -2*g + 2*j. Let f be (g/(-5))/(32/240). Suppose 4*u - 21 = f*u. Calculate the remainder when 83 is divided by u.
20
Let a(v) = -4*v + 29. Let g be a(9). What is the remainder when 13*6 + g + 8 is divided by 41?
38
Suppose 3*k + l - 276 = 0, l + 127 - 39 = k. Calculate the remainder when 450 is divided by k.
86
Let m(l) = -l**3 - 43*l**2 + 2*l + 102. Calculate the remainder when 42 is divided by m(-43).
10
Suppose 269*o - 127645 - 30330 = -176*o. Suppose -4*h + 130 = -110. Calculate the remainder when o is divided by h.
55
Let q = 4003 + -3678. What is the remainder when 356 is divided by q?
31
Let k = -2 + 14. Suppose z + h + 2*h = k, -3*h + 9 = 0. What is the remainder when 226/z + (-1)/3 is divided by 19?
18
Suppose 2*i + a - 48 = 0, -25*i = -23*i - 4*a - 78. What is the remainder when 104 is divided by i?
23
Let o(j) = 504*j - 88158. Suppose 6*t - 3*t - 297 = 0. What is the remainder when t is divided by o(175)?
15
Suppose -12*v - 437 = -4025. Let y(f) = f**2 - 20*f - 57. What is the remainder when v is divided by y(23)?
11
Let i(u) = -2*u + 119. Let f(b) = -3*b + 243. Let l(s) = -3*f(s) + 7*i(s). What is the remainder when 278 is divided by l(20)?
2
Suppose 4086 = -4*m + 15*m - 347. Calculate the remainder when 876 is divided by m.
70
Let o(u) = 7*u - 31. Let d be o(18). Suppose -53*c = -48*c - d. Calculate the remainder when 69 is divided by c.
12
Calculate the remainder when 16032/(-576)*(-6 - 0) is divided by 56.
55
Let j be (-320)/6 + 11/33. Let u = 53 + j. Suppose 2*o = 42 - u. Calculate the remainder when 61 is divided by o.
19
Suppose 17*d - 11*d = 13926. Suppose -q + 581 = p, 4*p + 0*q - d = -5*q. Calculate the remainder